et p(j) = j + 17. Let x be p(-7). Let l be ((-56)/x)/(-1)*5. Is 6/21 + 1532/l a prime number?
False
Let m(a) be the second derivative of -a**4/12 - a**3/6 - a**2 + a. Let z be m(-1). Let r(g) = -9*g**3 - 2*g**2 - 3*g - 1. Is r(z) composite?
True
Is -17 + 1111/66 + (-50894)/(-12) a prime number?
True
Suppose 20*h - 302537 - 95043 = 0. Is h prime?
False
Suppose 0 = -0*u - u + 2661. Let g = -1222 + u. Is g a composite number?
False
Suppose 4*a = -3*h - 3, 2 - 6 = 5*a + 4*h. Suppose -g + 3*g - 1382 = a. Is g a composite number?
False
Let b(p) = -p + 5. Let g be b(3). Let s = -4 + g. Is 437 + (2 - s) + 4 a composite number?
True
Suppose -22*g = -16*g - 5514. Is g composite?
False
Suppose -6 = 3*h - 2*y, -4*h + y - 5 = -2. Is (h + 478)*119/34 a prime number?
False
Is (-2)/(30/6159)*(-23 + 18) composite?
False
Suppose 0 = -5*w + 17663 + 947. Is w a prime number?
False
Suppose 0 = 5*v + 2*o - 51, 0*v + 12 = v + o. Suppose -v*f - 537 = -12*f. Is f a composite number?
False
Let q be (1884/(-9))/((-4)/12). Let u = q + -377. Is u a prime number?
True
Let r(u) = 145*u**3 - 8*u**2 - 2*u - 5. Is r(6) prime?
False
Suppose 8*b = 2*b + 4314. Is b a prime number?
True
Suppose o + 5 = c - 3*o, -125 = -5*c - 5*o. Suppose -2*s - c = s + 5*d, -s - 8 = 2*d. Is (9 - s)*12/4 a prime number?
False
Is ((-3)/(-6))/(27/330102) a composite number?
False
Let k(c) = -16*c - 9. Let m(w) = w**2 - 6*w + 2. Let i be (-3)/((-15)/(-12) - 2). Let s be m(i). Is k(s) prime?
False
Suppose -4*t + 6*t = 450. Suppose 5*h - 1555 = -5*z + t, 3*h - 1774 = -5*z. Is z composite?
False
Let b(u) = -41*u**3 + 3*u**2 + 6*u + 9. Let d be b(-3). Let k = 4319 - d. Is k a prime number?
False
Let k be (-3 + 3 + -5)*1. Let z(y) = -y**3 - 4*y**2 - 4*y - 5. Let d(g) = -g**3 - 7*g**2 - 8*g - 9. Let s(h) = -3*d(h) + 5*z(h). Is s(k) composite?
False
Suppose 18*r = 45*r - 348057. Is r a prime number?
False
Let i(n) = -n + 19. Let u be i(14). Suppose 3*j - 4*j = g - 200, -3*j = u*g - 1006. Is g prime?
False
Let m = 4621 - 2042. Is m a prime number?
True
Let n(w) = 390*w**2 - w - 2. Let o be n(4). Suppose 6*c = 12*c - o. Is c a composite number?
False
Suppose 0*r - 3078 = -4*m + r, 0 = m - 3*r - 775. Is m a composite number?
False
Suppose 0 = -3*g + 2*m - 5, -g - 4*m + 3*m = 0. Is (-1 + g)*(1 + (-24968)/16) a prime number?
True
Suppose -2*h + 6 = -m, -12 = -2*h - 0*h - 2*m. Suppose -3*k - 3*b + b = -14, -4*k = -b - h. Suppose -101 = -k*w - 2*q + 3*q, 4*w = -5*q + 237. Is w composite?
False
Let d = 3945 + -1926. Is d a prime number?
False
Let y be 3 + (3/(-4) - 6/(-8)). Suppose 5*m + 261 = y*p - 95, -2*p + 274 = 4*m. Is p a prime number?
True
Let i(b) = -10*b**2 + 2*b - 2. Let x be i(3). Let c = x - -289. Is c a composite number?
True
Let g(u) be the first derivative of 7*u**5/30 - 7*u**4/24 - 2*u**3/3 - 7*u**2/2 + 2. Let h(k) be the second derivative of g(k). Is h(-3) composite?
True
Let u be 2/5 + (-643)/(-5). Let i be ((-24)/5)/((-6)/40). Let l = u - i. Is l composite?
False
Suppose 16*r + 8578 = 59890. Let q = -1768 + r. Is q a prime number?
True
Suppose 11*r - 12*r = -2, 4*j - 2*r - 4168 = 0. Is j a prime number?
False
Suppose 0 = -3*p + 1836 - 267. Suppose -c = -2*l - p, 15 = 6*l - l. Is c prime?
False
Suppose 58269 = g + s, 4*g - s - 175549 = 57537. Is g a composite number?
False
Suppose -3*j + 3320 = -j. Let g = 1981 + j. Is g a composite number?
True
Let k be 7796/9 - (-16)/(-72) - 1. Let c = k + -192. Is c prime?
True
Let s be 8/2 + -4 + 3. Suppose 408 = s*o - 705. Is o prime?
False
Suppose -2 = v + 2*y - 15, -5*v - 4*y + 35 = 0. Suppose 9185 = v*c - 4*s - 9530, -5*c - 4*s + 31245 = 0. Is c a composite number?
True
Let j = -837 + 1236. Let l be (j + 1)/((-14)/21). Let f = -401 - l. Is f a prime number?
True
Suppose 5*p + 10 = 5*c, c - 2 = 5*p - 0. Suppose p = -3*n - 0*n + 3027. Is n prime?
True
Let u(m) = 154*m**2 - 3*m - 2. Let t = 11 - 6. Let p = t + -6. Is u(p) a prime number?
False
Let n = 15 - 12. Suppose -l = -2*l - n. Is 0/((-12)/l) + 31 a composite number?
False
Let w(y) = 61*y**2 - 33*y - 17. Is w(19) composite?
False
Is -1 - ((-21775)/(-5))/(-5) - 1 a composite number?
True
Let q be (1 + (-4)/2)*(1 - 1). Let v(n) = 2*n + 301. Is v(q) prime?
False
Is (-15)/3 + 6910 + (5 - 3) prime?
True
Suppose 31*c - 11*c = 31180. Is c composite?
False
Let b(v) be the second derivative of -307*v**3/6 - 6*v. Is b(-1) prime?
True
Suppose -4*u - 61467 = -25*u. Is u a composite number?
False
Suppose 5*l - 8 = 7. Suppose -p - i + 344 = 0, 0*p - l*i = 4*p - 1379. Is p a composite number?
False
Let m(b) = 134*b + 4. Let x be m(4). Suppose -a + 2195 + x = 0. Is a a composite number?
True
Let t(q) be the first derivative of -q**4/4 - 20*q**3/3 - 5*q**2 + 11*q + 9. Is t(-20) composite?
False
Let r(w) = w**3 - 3*w**2 - 4*w + 5. Let x be r(4). Let v(n) = -n + 7 + 2*n + 3*n + 4*n**2. Is v(x) a composite number?
False
Let x = 88670 - 55848. Let y = x - 20859. Is y a composite number?
True
Let k be 4458/34 + (-8)/68. Suppose 0 = -2*z + z + k. Is z composite?
False
Let k be (28 - 2)/((-6)/204). Let c = k - -1270. Is c a prime number?
False
Let j(l) = -863*l + 98. Is j(-7) composite?
True
Let a be ((-3)/(6/115))/((-27)/6642). Suppose -4940 = -5*m + a. Is m prime?
False
Let p = 104521 + -59378. Is p a prime number?
False
Let w be 24/(-108) + 52978/18. Let y = -1686 + w. Is y a prime number?
False
Let d(v) = v**2 - 13*v - 31. Let u = 40 + -23. Is d(u) a prime number?
True
Is 14757*(1/6)/((-4)/(-8)) prime?
True
Let z be (2/1 - 0)*280/(-16). Is 12/(-28) + (-36730)/z composite?
False
Is 61/427 - (-1 + (-14558)/14) composite?
True
Let x(t) = 35*t - 4. Let v(g) = 36*g - 3. Let k(h) = -6*v(h) + 5*x(h). Suppose 145 = 61*j + 450. Is k(j) prime?
False
Suppose 4*a = -13*k + 17*k + 73984, -2*a - 2*k = -37004. Is a composite?
True
Let b(i) be the second derivative of 35*i**3/6 - i**2 - 2*i. Let p(k) = -k + 1. Let d(j) = -b(j) + 3*p(j). Is d(-6) composite?
False
Suppose 9*r - 116448 = 39486. Is r composite?
True
Suppose 0 = -a + 4*l + 4 + 5, 3*a + 5*l - 10 = 0. Is ((-1)/1)/((25/a)/(-7655)) a prime number?
True
Suppose -2*x + 441 + 61 = 0. Suppose 3*d - 5*y + x = 0, 0*d - 5*y = 5*d + 365. Is (-2*83)/(14/d) a prime number?
False
Let s be (-172)/6*18/(-2). Suppose 402 = 4*m + 4*t - 266, 0 = -4*t - 8. Suppose -2*y + b + m = 0, 0 = 2*y + y + 3*b - s. Is y a prime number?
False
Let j(f) = 524*f - 95. Is j(9) prime?
True
Let r(f) = 8*f**2 - 3*f - 1. Let u be r(-3). Suppose 2*p = -3*k + u, 5*p - 42 - 135 = 4*k. Is p composite?
False
Let r = -1044 - -4734. Suppose -5*g = -10, 3*k + k - g = r. Is k a prime number?
False
Suppose i - u = -270, -2*i = -0*i - 3*u + 540. Let q = 461 + i. Is q prime?
True
Let v = -41 - 543. Let y be v/24 + (-2)/3. Let p = 8 - y. Is p prime?
False
Suppose 5*j + 10 = 0, 3*a + 4*j = -0*a + 4. Let q(f) = 12*f**3 - 4*f**2 + 3*f - 7. Is q(a) a composite number?
False
Is ((-20)/(-15) - (-270032)/12) + -7 composite?
True
Let g = 24 - 7. Suppose -g*d + 115 = -16*d. Is d prime?
False
Let o = 8589 + -1856. Is o a composite number?
False
Let x = -1385 + 610. Let f = x + 1316. Is f a prime number?
True
Let o = 17 - 3. Let f(b) = -b**3 + 20*b**2 - 4*b - 5. Is f(o) prime?
False
Let c be 4/(-6)*(-2)/4*-6. Is ((-1735)/c)/(3/6) composite?
True
Let c(b) be the second derivative of b**4/12 - 2*b**3/3 - 11*b**2/2 + b. Let o be c(5). Let v(a) = -10*a - 5. Is v(o) a prime number?
False
Let a(l) be the second derivative of 19/2*l**2 - 1/20*l**5 - 9*l + 0 - 1/4*l**4 - 1/3*l**3. Is a(-8) a prime number?
False
Let h(y) = 47*y + 3. Let u be h(1). Suppose 53*j - 2661 = u*j. Is j composite?
False
Let q = 330 - -227. Let u = -308 + q. Is u composite?
True
Let j(q) = 226 - 95 + 21*q - 110 + 5*q**2. Is j(-9) composite?
True
Let w(j) = 311*j**2 + 13*j - 1. Is w(4) composite?
True
Suppose 0 = 11*o - 14*o - 9. Let d(a) = 38*a**2 + 6*a + 7. Is d(o) a prime number?
True
Let t(u) = -3*u**2 + 4*u - 6. Let q be t(6). Let j be 52/9 - 20/q. Is 42/(-4)*(-4)/j composite?
False
Suppose -d + 456 + 6048 = 0. Let u = -4002 + d. Is (-5)/(-25) + u/15 composite?
False
Let x = -3166 + 5871. Is x a prime number?
False
Let m(f) = 21*f**2 + 13*f + 41. Is m(33) a prime number?
True
Let z be (50/(-20))/(10/(-8)). Suppose -3*w = z*i - i - 2, 3*i - 18 = -3*w. Suppose i*u = 4*u